{"id":16,"date":"2024-02-16T17:56:25","date_gmt":"2024-02-16T16:56:25","guid":{"rendered":"http:\/\/jean-pellotier-peintre.com\/?page_id=16"},"modified":"2025-02-11T19:06:18","modified_gmt":"2025-02-11T18:06:18","slug":"biographie","status":"publish","type":"page","link":"https:\/\/jean-pellotier-peintre.com\/index.php\/biographie\/","title":{"rendered":"Biographie"},"content":{"rendered":"\t\t<div data-elementor-type=\"wp-page\" data-elementor-id=\"16\" class=\"elementor elementor-16\">\n\t\t\t\t<div class=\"elementor-element elementor-element-5d1c5011 e-flex e-con-boxed e-con e-parent\" data-id=\"5d1c5011\" data-element_type=\"container\">\n\t\t\t\t\t<div class=\"e-con-inner\">\n\t\t\t\t<div class=\"elementor-element elementor-element-4e08b667 elementor-widget elementor-widget-text-editor\" data-id=\"4e08b667\" data-element_type=\"widget\" data-widget_type=\"text-editor.default\">\n\t\t\t\t<div class=\"elementor-widget-container\">\n\t\t\t<style>\/*! elementor - v3.22.0 - 17-06-2024 *\/\n.elementor-widget-text-editor.elementor-drop-cap-view-stacked .elementor-drop-cap{background-color:#69727d;color:#fff}.elementor-widget-text-editor.elementor-drop-cap-view-framed .elementor-drop-cap{color:#69727d;border:3px solid;background-color:transparent}.elementor-widget-text-editor:not(.elementor-drop-cap-view-default) .elementor-drop-cap{margin-top:8px}.elementor-widget-text-editor:not(.elementor-drop-cap-view-default) .elementor-drop-cap-letter{width:1em;height:1em}.elementor-widget-text-editor .elementor-drop-cap{float:left;text-align:center;line-height:1;font-size:50px}.elementor-widget-text-editor .elementor-drop-cap-letter{display:inline-block}<\/style>\t\t\t\t<!-- wp:heading -->\n<h2 class=\"wp-block-heading\">JEAN PELLOTIER 1923-1967<\/h2>\n<!-- \/wp:heading --><!-- wp:paragraph {\"fontSize\":\"medium\"} -->\n<p>\u00a0<\/p>\n<p class=\"has-medium-font-size\">Jean Pellotier na\u00eet le 8 mai 1923 \u00e0 Saint Rambert, pr\u00e8s de Lyon, il\u00a0est l&rsquo;ain\u00e9 d&rsquo;une famille de cinq enfants.\u00a0La famille vit \u00e0 Vaise dans le quartier de l&rsquo;Industrie o\u00f9 son p\u00e8re est install\u00e9 comme m\u00e9decin g\u00e9n\u00e9raliste.<\/p>\n<p class=\"has-medium-font-size\"><strong>1941-1949<\/strong>\u00a0 Il d\u00e9bute des \u00e9tudes de notariat et d\u2019histoire de l\u2019art avant de se consacrer enti\u00e8rement \u00e0 la peinture.<\/p>\n<p class=\"has-medium-font-size\">Apr\u00e8s un bref s\u00e9jour \u00e0 l\u2019\u00e9cole nationale sup\u00e9rieure des Beaux-Arts de Lyon, il exposera de\u00a01946 \u00e0 1949, au Salon du Sud-Est \u00e0 Lyon et \u00e0 partir de\u00a01949 au Salon de Mai, salon auquel il sera fid\u00e8le.\u00a0<br \/>Sa production lyonnaise repr\u00e9sente environ 115 toiles. Des toutes premi\u00e8res toiles figuratives, sa peinture \u00e9volue vers un travail aux constructions plus synth\u00e9tiques et color\u00e9es.<\/p>\n<!-- \/wp:paragraph --><!-- wp:paragraph {\"fontSize\":\"medium\"} -->\n<p class=\"has-medium-font-size\"><strong>1949<\/strong>\u00a0Jean Pellotier s&rsquo;installe \u00e0 Paris et rejoint l&rsquo;Acad\u00e9mie de la Grande Chaumi\u00e8re. La nuit il exerce un travail alimentaire chez un garagiste.\u00a0<\/p>\n<!-- \/wp:paragraph --><!-- wp:paragraph {\"fontSize\":\"medium\"} -->\n<p class=\"has-medium-font-size\"><strong>1951<\/strong>\u00a0Voyage en Espagne et d\u00e9couverte de l\u2019\u0153uvre de Goya au Mus\u00e9e du Prado \u00e0 Madrid.<\/p>\n<p class=\"has-medium-font-size\">C&rsquo;est \u00e0 cette \u00e9poque qu&rsquo;il rencontre le cercle des Am\u00e9ricains \u00e0 Paris. Annette Gr\u00fcner Schlumberger lui apporte son soutien d&rsquo;amie et de m\u00e9c\u00e8ne.\u00a0<\/p>\n<p class=\"has-medium-font-size\">Durant cette p\u00e9riode il \u00e9crit. II r\u00e9dige deux \u00e9crits sur l\u2019art ; l\u2019un d\u00e9di\u00e9 \u00e0 Delacroix \u00e9dit\u00e9 chez Hyperion et l\u2019autre intitul\u00e9 \u00ab Goya et la peinture pr\u00e9sente \u00bb, rest\u00e9 in\u00e9dit.<br \/>Il traduit aussi de l\u2019anglais le tr\u00e8s s\u00e9rieux ouvrage \u00ab Les \u00c9tats-Unis, R\u00e9volution permanente \u00bb.<\/p>\n<p class=\"has-medium-font-size\"><strong>1952<\/strong>\u00a0Un accident automobile frappe la famille Pellotier, sa m\u00e8re, une de ses s\u0153urs et l\u2019un de ses beaux-fr\u00e8res meurent tragiquement.<\/p>\n<p class=\"has-medium-font-size\"><strong>1953<\/strong>\u00a0Participe au IX \u00e8me\u00a0Salon de mai.<\/p>\n<p class=\"has-medium-font-size\">Rencontre\u00a0de Hans Hartung avec lequel il se lie d\u2019amiti\u00e9.<\/p>\n<!-- \/wp:paragraph --><!-- wp:paragraph {\"fontSize\":\"medium\"} -->\n<p class=\"has-medium-font-size\"><strong>1954-1955<\/strong>\u00a0Recommand\u00e9 par Hartung, il expose \u00e0 Berlin \u00e0 la Junge Europaische Malerei.<\/p>\n<!-- \/wp:paragraph --><!-- wp:paragraph {\"fontSize\":\"medium\"} -->\n<p class=\"has-medium-font-size\"><strong>1956<\/strong>\u00a0Il \u00e9pouse Deirdre Butler, jeune traductrice am\u00e9ricaine, proche de la famille Schlumberger ; le couple aura deux enfants.<br \/>Apr\u00e8s le succ\u00e8s de son exposition \u00e0 la Galerie Claude Bernard \u00e0 Paris, il sera attach\u00e9 \u00e0 cette galerie o\u00f9 il expose \u00e0 plusieurs reprises.<\/p>\n<!-- \/wp:paragraph --><!-- wp:paragraph {\"fontSize\":\"medium\"} -->\n<p class=\"has-medium-font-size\"><strong>1957<\/strong>\u00a0Voyages en Europe, Espagne, Belgique, Hollande, et aux \u00c9tats-Unis.<\/p>\n<!-- \/wp:paragraph --><!-- wp:paragraph {\"fontSize\":\"medium\"} -->\n<p class=\"has-medium-font-size\"><strong>1958<\/strong>\u00a0Il expose \u00e0 l\u2019\u00e9tranger, en Allemagne, en Su\u00e8de (Lund, Stockholm, Verberg, G\u00f6teborg) et aux \u00c9tats-Unis.<\/p>\n<p class=\"has-medium-font-size\">Tout en restant fid\u00e8le au Salon de Mai, il prend part \u00e9galement au Salon des R\u00e9alit\u00e9s Nouvelles, \u00e0 Paris.<br \/>P\u00e9riode des ann\u00e9es dites \u00abnoires\u00bb, la mati\u00e8re des toiles s&rsquo;\u00e9paissit, du Jugement dernier \u00e0 la s\u00e9rie des Carri\u00e8res de pl\u00e2tre, les formats sont amples.<\/p>\n<p class=\"has-medium-font-size\"><strong>1958-1966<\/strong>\u00a0Jean Pellotier multiplie les expositions en France et \u00e0 l&rsquo;\u00e9tranger. Sa technique s&rsquo;affirme, la mati\u00e8re est riche, le geste libre. Sa recherche est inlassable et\u00a0la mati\u00e8re s\u2019all\u00e8ge de nouveau dans les compositions g\u00e9om\u00e9triques qu\u2019il peint au cours des derni\u00e8res ann\u00e9es de sa vie. S\u00e9rie des Fa\u00e7ades d\u2019atelier, des Lavabos, et Collages.<\/p>\n<!-- \/wp:paragraph --><!-- wp:paragraph {\"fontSize\":\"medium\"} -->\n<p class=\"has-medium-font-size\"><strong>1967<\/strong>\u2028Jean Pellotier disparait \u00e0 44 ans emport\u00e9 par un cancer.\u2028<\/p>\n<p class=\"has-medium-font-size\">Il laisse une \u0153uvre de quelques 275 toiles ; des carnets de croquis, de tr\u00e8s nombreux dessins ; des huiles, gouaches et aquarelles sur papier, ainsi qu\u2019une \u0153uvre \u00e9crite, en partie in\u00e9dite.<\/p>\n<!-- \/wp:paragraph -->\t\t\t\t\t\t<\/div>\n\t\t\t\t<\/div>\n\t\t\t\t\t<\/div>\n\t\t\t\t<\/div>\n\t\t<div class=\"elementor-element elementor-element-0cfd743 e-flex e-con-boxed e-con e-parent\" data-id=\"0cfd743\" data-element_type=\"container\">\n\t\t\t\t\t<div class=\"e-con-inner\">\n\t\t\t\t<div class=\"elementor-element elementor-element-74f12e8 elementor-widget elementor-widget-spacer\" data-id=\"74f12e8\" data-element_type=\"widget\" data-widget_type=\"spacer.default\">\n\t\t\t\t<div class=\"elementor-widget-container\">\n\t\t\t<style>\/*! elementor - v3.22.0 - 17-06-2024 *\/\n.elementor-column .elementor-spacer-inner{height:var(--spacer-size)}.e-con{--container-widget-width:100%}.e-con-inner>.elementor-widget-spacer,.e-con>.elementor-widget-spacer{width:var(--container-widget-width,var(--spacer-size));--align-self:var(--container-widget-align-self,initial);--flex-shrink:0}.e-con-inner>.elementor-widget-spacer>.elementor-widget-container,.e-con>.elementor-widget-spacer>.elementor-widget-container{height:100%;width:100%}.e-con-inner>.elementor-widget-spacer>.elementor-widget-container>.elementor-spacer,.e-con>.elementor-widget-spacer>.elementor-widget-container>.elementor-spacer{height:100%}.e-con-inner>.elementor-widget-spacer>.elementor-widget-container>.elementor-spacer>.elementor-spacer-inner,.e-con>.elementor-widget-spacer>.elementor-widget-container>.elementor-spacer>.elementor-spacer-inner{height:var(--container-widget-height,var(--spacer-size))}.e-con-inner>.elementor-widget-spacer.elementor-widget-empty,.e-con>.elementor-widget-spacer.elementor-widget-empty{position:relative;min-height:22px;min-width:22px}.e-con-inner>.elementor-widget-spacer.elementor-widget-empty .elementor-widget-empty-icon,.e-con>.elementor-widget-spacer.elementor-widget-empty .elementor-widget-empty-icon{position:absolute;top:0;bottom:0;left:0;right:0;margin:auto;padding:0;width:22px;height:22px}<\/style>\t\t<div class=\"elementor-spacer\">\n\t\t\t<div class=\"elementor-spacer-inner\"><\/div>\n\t\t<\/div>\n\t\t\t\t<\/div>\n\t\t\t\t<\/div>\n\t\t\t\t\t<\/div>\n\t\t\t\t<\/div>\n\t\t<div class=\"elementor-element elementor-element-780c0a5 e-flex e-con-boxed e-con e-parent\" data-id=\"780c0a5\" data-element_type=\"container\">\n\t\t\t\t\t<div class=\"e-con-inner\">\n\t\t\t\t<div class=\"elementor-element elementor-element-6ad6710 gallery-spacing-custom elementor-widget elementor-widget-image-gallery\" data-id=\"6ad6710\" data-element_type=\"widget\" data-widget_type=\"image-gallery.default\">\n\t\t\t\t<div class=\"elementor-widget-container\">\n\t\t\t<style>\/*! elementor - v3.22.0 - 17-06-2024 *\/\n.elementor-image-gallery .gallery-item{display:inline-block;text-align:center;vertical-align:top;width:100%;max-width:100%;margin:0 auto}.elementor-image-gallery .gallery-item img{margin:0 auto}.elementor-image-gallery .gallery-item .gallery-caption{margin:0}.elementor-image-gallery figure img{display:block}.elementor-image-gallery figure figcaption{width:100%}.gallery-spacing-custom .elementor-image-gallery .gallery-icon{padding:0}@media (min-width:768px){.elementor-image-gallery .gallery-columns-2 .gallery-item{max-width:50%}.elementor-image-gallery .gallery-columns-3 .gallery-item{max-width:33.33%}.elementor-image-gallery .gallery-columns-4 .gallery-item{max-width:25%}.elementor-image-gallery .gallery-columns-5 .gallery-item{max-width:20%}.elementor-image-gallery .gallery-columns-6 .gallery-item{max-width:16.666%}.elementor-image-gallery .gallery-columns-7 .gallery-item{max-width:14.28%}.elementor-image-gallery .gallery-columns-8 .gallery-item{max-width:12.5%}.elementor-image-gallery .gallery-columns-9 .gallery-item{max-width:11.11%}.elementor-image-gallery .gallery-columns-10 .gallery-item{max-width:10%}}@media (min-width:480px) and (max-width:767px){.elementor-image-gallery .gallery.gallery-columns-2 .gallery-item,.elementor-image-gallery .gallery.gallery-columns-3 .gallery-item,.elementor-image-gallery .gallery.gallery-columns-4 .gallery-item,.elementor-image-gallery .gallery.gallery-columns-5 .gallery-item,.elementor-image-gallery .gallery.gallery-columns-6 .gallery-item,.elementor-image-gallery .gallery.gallery-columns-7 .gallery-item,.elementor-image-gallery .gallery.gallery-columns-8 .gallery-item,.elementor-image-gallery .gallery.gallery-columns-9 .gallery-item,.elementor-image-gallery .gallery.gallery-columns-10 .gallery-item{max-width:50%}}@media (max-width:479px){.elementor-image-gallery .gallery.gallery-columns-2 .gallery-item,.elementor-image-gallery .gallery.gallery-columns-3 .gallery-item,.elementor-image-gallery .gallery.gallery-columns-4 .gallery-item,.elementor-image-gallery .gallery.gallery-columns-5 .gallery-item,.elementor-image-gallery .gallery.gallery-columns-6 .gallery-item,.elementor-image-gallery .gallery.gallery-columns-7 .gallery-item,.elementor-image-gallery .gallery.gallery-columns-8 .gallery-item,.elementor-image-gallery .gallery.gallery-columns-9 .gallery-item,.elementor-image-gallery .gallery.gallery-columns-10 .gallery-item{max-width:100%}}<\/style>\t\t<div class=\"elementor-image-gallery\">\n\t\t\t<div id='gallery-1' class='gallery galleryid-16 gallery-columns-3 gallery-size-medium_large'><figure class='gallery-item'>\n\t\t\t<div class='gallery-icon portrait'>\n\t\t\t\t<a data-elementor-open-lightbox=\"yes\" data-elementor-lightbox-slideshow=\"6ad6710\" data-elementor-lightbox-title=\"105_c\" data-e-action-hash=\"#elementor-action%3Aaction%3Dlightbox%26settings%3DeyJpZCI6NjMyLCJ1cmwiOiJodHRwczpcL1wvamVhbi1wZWxsb3RpZXItcGVpbnRyZS5jb21cL3dwLWNvbnRlbnRcL3VwbG9hZHNcLzIwMjRcLzA3XC8xMDVfYy5qcGVnIiwic2xpZGVzaG93IjoiNmFkNjcxMCJ9\" href='https:\/\/jean-pellotier-peintre.com\/wp-content\/uploads\/2024\/07\/105_c.jpeg'><img fetchpriority=\"high\" decoding=\"async\" width=\"767\" height=\"1024\" src=\"https:\/\/jean-pellotier-peintre.com\/wp-content\/uploads\/2024\/07\/105_c.jpeg\" class=\"attachment-medium_large size-medium_large\" alt=\"\" srcset=\"https:\/\/jean-pellotier-peintre.com\/wp-content\/uploads\/2024\/07\/105_c.jpeg 767w, https:\/\/jean-pellotier-peintre.com\/wp-content\/uploads\/2024\/07\/105_c-225x300.jpeg 225w\" sizes=\"100vw\" \/><\/a>\n\t\t\t<\/div><\/figure><figure class='gallery-item'>\n\t\t\t<div class='gallery-icon portrait'>\n\t\t\t\t<a data-elementor-open-lightbox=\"yes\" data-elementor-lightbox-slideshow=\"6ad6710\" data-elementor-lightbox-title=\"pellootier 4\" data-e-action-hash=\"#elementor-action%3Aaction%3Dlightbox%26settings%3DeyJpZCI6NjI2LCJ1cmwiOiJodHRwczpcL1wvamVhbi1wZWxsb3RpZXItcGVpbnRyZS5jb21cL3dwLWNvbnRlbnRcL3VwbG9hZHNcLzIwMjRcLzA3XC9wZWxsb290aWVyLTQuanBlZyIsInNsaWRlc2hvdyI6IjZhZDY3MTAifQ%3D%3D\" href='https:\/\/jean-pellotier-peintre.com\/wp-content\/uploads\/2024\/07\/pellootier-4.jpeg'><img decoding=\"async\" width=\"768\" height=\"1012\" src=\"https:\/\/jean-pellotier-peintre.com\/wp-content\/uploads\/2024\/07\/pellootier-4.jpeg\" class=\"attachment-medium_large size-medium_large\" alt=\"\" srcset=\"https:\/\/jean-pellotier-peintre.com\/wp-content\/uploads\/2024\/07\/pellootier-4.jpeg 772w, https:\/\/jean-pellotier-peintre.com\/wp-content\/uploads\/2024\/07\/pellootier-4-228x300.jpeg 228w\" sizes=\"100vw\" \/><\/a>\n\t\t\t<\/div><\/figure><figure class='gallery-item'>\n\t\t\t<div class='gallery-icon portrait'>\n\t\t\t\t<a data-elementor-open-lightbox=\"yes\" data-elementor-lightbox-slideshow=\"6ad6710\" data-elementor-lightbox-title=\"B83094FE-E602-4C63-B07B-63EF9B9DCE15_1_105_c\" data-e-action-hash=\"#elementor-action%3Aaction%3Dlightbox%26settings%3DeyJpZCI6NjMxLCJ1cmwiOiJodHRwczpcL1wvamVhbi1wZWxsb3RpZXItcGVpbnRyZS5jb21cL3dwLWNvbnRlbnRcL3VwbG9hZHNcLzIwMjRcLzA3XC9CODMwOTRGRS1FNjAyLTRDNjMtQjA3Qi02M0VGOUI5RENFMTVfMV8xMDVfYy0yLmpwZWciLCJzbGlkZXNob3ciOiI2YWQ2NzEwIn0%3D\" href='https:\/\/jean-pellotier-peintre.com\/wp-content\/uploads\/2024\/07\/B83094FE-E602-4C63-B07B-63EF9B9DCE15_1_105_c-2.jpeg'><img decoding=\"async\" width=\"768\" height=\"1000\" src=\"https:\/\/jean-pellotier-peintre.com\/wp-content\/uploads\/2024\/07\/B83094FE-E602-4C63-B07B-63EF9B9DCE15_1_105_c-2.jpeg\" class=\"attachment-medium_large size-medium_large\" alt=\"\" srcset=\"https:\/\/jean-pellotier-peintre.com\/wp-content\/uploads\/2024\/07\/B83094FE-E602-4C63-B07B-63EF9B9DCE15_1_105_c-2.jpeg 777w, https:\/\/jean-pellotier-peintre.com\/wp-content\/uploads\/2024\/07\/B83094FE-E602-4C63-B07B-63EF9B9DCE15_1_105_c-2-230x300.jpeg 230w\" sizes=\"100vw\" \/><\/a>\n\t\t\t<\/div><\/figure><figure class='gallery-item'>\n\t\t\t<div class='gallery-icon landscape'>\n\t\t\t\t<a data-elementor-open-lightbox=\"yes\" data-elementor-lightbox-slideshow=\"6ad6710\" data-elementor-lightbox-title=\"Jean _NEG 2_4 - copie\" data-e-action-hash=\"#elementor-action%3Aaction%3Dlightbox%26settings%3DeyJpZCI6NjcyLCJ1cmwiOiJodHRwczpcL1wvamVhbi1wZWxsb3RpZXItcGVpbnRyZS5jb21cL3dwLWNvbnRlbnRcL3VwbG9hZHNcLzIwMjRcLzA3XC9KZWFuLV9ORUctMl80LWNvcGllLXNjYWxlZC5qcGVnIiwic2xpZGVzaG93IjoiNmFkNjcxMCJ9\" href='https:\/\/jean-pellotier-peintre.com\/wp-content\/uploads\/2024\/07\/Jean-_NEG-2_4-copie-scaled.jpeg'><img loading=\"lazy\" decoding=\"async\" width=\"768\" height=\"513\" src=\"https:\/\/jean-pellotier-peintre.com\/wp-content\/uploads\/2024\/07\/Jean-_NEG-2_4-copie-scaled.jpeg\" class=\"attachment-medium_large size-medium_large\" alt=\"\" srcset=\"https:\/\/jean-pellotier-peintre.com\/wp-content\/uploads\/2024\/07\/Jean-_NEG-2_4-copie-scaled.jpeg 2560w, https:\/\/jean-pellotier-peintre.com\/wp-content\/uploads\/2024\/07\/Jean-_NEG-2_4-copie-300x201.jpeg 300w, https:\/\/jean-pellotier-peintre.com\/wp-content\/uploads\/2024\/07\/Jean-_NEG-2_4-copie-1024x684.jpeg 1024w, https:\/\/jean-pellotier-peintre.com\/wp-content\/uploads\/2024\/07\/Jean-_NEG-2_4-copie-2000x1337.jpeg 2000w\" sizes=\"100vw\" \/><\/a>\n\t\t\t<\/div><\/figure><figure class='gallery-item'>\n\t\t\t<div class='gallery-icon landscape'>\n\t\t\t\t<a data-elementor-open-lightbox=\"yes\" data-elementor-lightbox-slideshow=\"6ad6710\" data-elementor-lightbox-title=\"JP 5 comp (1)\" data-e-action-hash=\"#elementor-action%3Aaction%3Dlightbox%26settings%3DeyJpZCI6NjcxLCJ1cmwiOiJodHRwczpcL1wvamVhbi1wZWxsb3RpZXItcGVpbnRyZS5jb21cL3dwLWNvbnRlbnRcL3VwbG9hZHNcLzIwMjRcLzA3XC9KUC01LWNvbXAtMS1zY2FsZWQuanBlZyIsInNsaWRlc2hvdyI6IjZhZDY3MTAifQ%3D%3D\" href='https:\/\/jean-pellotier-peintre.com\/wp-content\/uploads\/2024\/07\/JP-5-comp-1-scaled.jpeg'><img loading=\"lazy\" decoding=\"async\" width=\"768\" height=\"543\" src=\"https:\/\/jean-pellotier-peintre.com\/wp-content\/uploads\/2024\/07\/JP-5-comp-1-scaled.jpeg\" class=\"attachment-medium_large size-medium_large\" alt=\"\" srcset=\"https:\/\/jean-pellotier-peintre.com\/wp-content\/uploads\/2024\/07\/JP-5-comp-1-scaled.jpeg 2560w, https:\/\/jean-pellotier-peintre.com\/wp-content\/uploads\/2024\/07\/JP-5-comp-1-300x212.jpeg 300w, https:\/\/jean-pellotier-peintre.com\/wp-content\/uploads\/2024\/07\/JP-5-comp-1-1024x724.jpeg 1024w, https:\/\/jean-pellotier-peintre.com\/wp-content\/uploads\/2024\/07\/JP-5-comp-1-2000x1414.jpeg 2000w\" sizes=\"100vw\" \/><\/a>\n\t\t\t<\/div><\/figure><figure class='gallery-item'>\n\t\t\t<div class='gallery-icon landscape'>\n\t\t\t\t<a data-elementor-open-lightbox=\"yes\" data-elementor-lightbox-slideshow=\"6ad6710\" data-elementor-lightbox-title=\"FBEC9F12-0E54-4CFA-887F-47821A65917F_1_105_c\" data-e-action-hash=\"#elementor-action%3Aaction%3Dlightbox%26settings%3DeyJpZCI6NjYyLCJ1cmwiOiJodHRwczpcL1wvamVhbi1wZWxsb3RpZXItcGVpbnRyZS5jb21cL3dwLWNvbnRlbnRcL3VwbG9hZHNcLzIwMjRcLzA3XC9GQkVDOUYxMi0wRTU0LTRDRkEtODg3Ri00NzgyMUE2NTkxN0ZfMV8xMDVfYy1lMTcyMDAxOTIwMzE1MC5qcGVnIiwic2xpZGVzaG93IjoiNmFkNjcxMCJ9\" href='https:\/\/jean-pellotier-peintre.com\/wp-content\/uploads\/2024\/07\/FBEC9F12-0E54-4CFA-887F-47821A65917F_1_105_c-e1720019203150.jpeg'><img loading=\"lazy\" decoding=\"async\" width=\"768\" height=\"516\" src=\"https:\/\/jean-pellotier-peintre.com\/wp-content\/uploads\/2024\/07\/FBEC9F12-0E54-4CFA-887F-47821A65917F_1_105_c-e1720019203150-768x516.jpeg\" class=\"attachment-medium_large size-medium_large\" alt=\"\" srcset=\"https:\/\/jean-pellotier-peintre.com\/wp-content\/uploads\/2024\/07\/FBEC9F12-0E54-4CFA-887F-47821A65917F_1_105_c-e1720019203150-768x516.jpeg 768w, https:\/\/jean-pellotier-peintre.com\/wp-content\/uploads\/2024\/07\/FBEC9F12-0E54-4CFA-887F-47821A65917F_1_105_c-e1720019203150-300x202.jpeg 300w, https:\/\/jean-pellotier-peintre.com\/wp-content\/uploads\/2024\/07\/FBEC9F12-0E54-4CFA-887F-47821A65917F_1_105_c-e1720019203150.jpeg 933w\" sizes=\"100vw\" \/><\/a>\n\t\t\t<\/div><\/figure><figure class='gallery-item'>\n\t\t\t<div class='gallery-icon portrait'>\n\t\t\t\t<a data-elementor-open-lightbox=\"yes\" data-elementor-lightbox-slideshow=\"6ad6710\" data-elementor-lightbox-title=\"Pellotier_Atelier\" data-e-action-hash=\"#elementor-action%3Aaction%3Dlightbox%26settings%3DeyJpZCI6MjYxLCJ1cmwiOiJodHRwczpcL1wvamVhbi1wZWxsb3RpZXItcGVpbnRyZS5jb21cL3dwLWNvbnRlbnRcL3VwbG9hZHNcLzIwMjRcLzA2XC9QZWxsb3RpZXJfQXRlbGllcjAwMy5qcGciLCJzbGlkZXNob3ciOiI2YWQ2NzEwIn0%3D\" href='https:\/\/jean-pellotier-peintre.com\/wp-content\/uploads\/2024\/06\/Pellotier_Atelier003.jpg'><img loading=\"lazy\" decoding=\"async\" width=\"768\" height=\"1081\" src=\"https:\/\/jean-pellotier-peintre.com\/wp-content\/uploads\/2024\/06\/Pellotier_Atelier003.jpg\" class=\"attachment-medium_large size-medium_large\" alt=\"\" aria-describedby=\"gallery-1-261\" srcset=\"https:\/\/jean-pellotier-peintre.com\/wp-content\/uploads\/2024\/06\/Pellotier_Atelier003.jpg 1500w, https:\/\/jean-pellotier-peintre.com\/wp-content\/uploads\/2024\/06\/Pellotier_Atelier003-213x300.jpg 213w, https:\/\/jean-pellotier-peintre.com\/wp-content\/uploads\/2024\/06\/Pellotier_Atelier003-728x1024.jpg 728w\" sizes=\"100vw\" \/><\/a>\n\t\t\t<\/div>\n\t\t\t\t<figcaption class='wp-caption-text gallery-caption' id='gallery-1-261'>\n\t\t\t\tAtelier Pellotier\n\t\t\t\t<\/figcaption><\/figure><figure class='gallery-item'>\n\t\t\t<div class='gallery-icon portrait'>\n\t\t\t\t<a data-elementor-open-lightbox=\"yes\" data-elementor-lightbox-slideshow=\"6ad6710\" data-elementor-lightbox-title=\"Jean-pellotier\" data-e-action-hash=\"#elementor-action%3Aaction%3Dlightbox%26settings%3DeyJpZCI6MjU2LCJ1cmwiOiJodHRwczpcL1wvamVhbi1wZWxsb3RpZXItcGVpbnRyZS5jb21cL3dwLWNvbnRlbnRcL3VwbG9hZHNcLzIwMjRcLzA2XC9KZWFuLVBFTExPVElFUl9ORUctMl85Y29tcC1zY2FsZWQuanBnIiwic2xpZGVzaG93IjoiNmFkNjcxMCJ9\" href='https:\/\/jean-pellotier-peintre.com\/wp-content\/uploads\/2024\/06\/Jean-PELLOTIER_NEG-2_9comp-scaled.jpg'><img loading=\"lazy\" decoding=\"async\" width=\"768\" height=\"1174\" src=\"https:\/\/jean-pellotier-peintre.com\/wp-content\/uploads\/2024\/06\/Jean-PELLOTIER_NEG-2_9comp-scaled.jpg\" class=\"attachment-medium_large size-medium_large\" alt=\"\" srcset=\"https:\/\/jean-pellotier-peintre.com\/wp-content\/uploads\/2024\/06\/Jean-PELLOTIER_NEG-2_9comp-scaled.jpg 1675w, https:\/\/jean-pellotier-peintre.com\/wp-content\/uploads\/2024\/06\/Jean-PELLOTIER_NEG-2_9comp-196x300.jpg 196w, https:\/\/jean-pellotier-peintre.com\/wp-content\/uploads\/2024\/06\/Jean-PELLOTIER_NEG-2_9comp-670x1024.jpg 670w, https:\/\/jean-pellotier-peintre.com\/wp-content\/uploads\/2024\/06\/Jean-PELLOTIER_NEG-2_9comp-2000x3056.jpg 2000w, https:\/\/jean-pellotier-peintre.com\/wp-content\/uploads\/2024\/06\/Jean-PELLOTIER_NEG-2_9comp-scaled-1005x1536.jpg 1005w, https:\/\/jean-pellotier-peintre.com\/wp-content\/uploads\/2024\/06\/Jean-PELLOTIER_NEG-2_9comp-scaled-1340x2048.jpg 1340w\" sizes=\"100vw\" \/><\/a>\n\t\t\t<\/div><\/figure><figure class='gallery-item'>\n\t\t\t<div class='gallery-icon portrait'>\n\t\t\t\t<a data-elementor-open-lightbox=\"yes\" data-elementor-lightbox-slideshow=\"6ad6710\" data-elementor-lightbox-title=\"Pellotier_Atelier004\" data-e-action-hash=\"#elementor-action%3Aaction%3Dlightbox%26settings%3DeyJpZCI6Nzc4LCJ1cmwiOiJodHRwczpcL1wvamVhbi1wZWxsb3RpZXItcGVpbnRyZS5jb21cL3dwLWNvbnRlbnRcL3VwbG9hZHNcLzIwMjRcLzA3XC9QZWxsb3RpZXJfQXRlbGllcjAwNC5qcGciLCJzbGlkZXNob3ciOiI2YWQ2NzEwIn0%3D\" href='https:\/\/jean-pellotier-peintre.com\/wp-content\/uploads\/2024\/07\/Pellotier_Atelier004.jpg'><img loading=\"lazy\" decoding=\"async\" width=\"768\" height=\"1081\" src=\"https:\/\/jean-pellotier-peintre.com\/wp-content\/uploads\/2024\/07\/Pellotier_Atelier004.jpg\" class=\"attachment-medium_large size-medium_large\" alt=\"\" srcset=\"https:\/\/jean-pellotier-peintre.com\/wp-content\/uploads\/2024\/07\/Pellotier_Atelier004.jpg 1500w, https:\/\/jean-pellotier-peintre.com\/wp-content\/uploads\/2024\/07\/Pellotier_Atelier004-213x300.jpg 213w, https:\/\/jean-pellotier-peintre.com\/wp-content\/uploads\/2024\/07\/Pellotier_Atelier004-728x1024.jpg 728w\" sizes=\"100vw\" \/><\/a>\n\t\t\t<\/div><\/figure>\n\t\t<\/div>\n\t\t<\/div>\n\t\t\t\t<\/div>\n\t\t\t\t<\/div>\n\t\t\t\t<div class=\"elementor-element elementor-element-97ba89e elementor-widget elementor-widget-image\" data-id=\"97ba89e\" data-element_type=\"widget\" data-widget_type=\"image.default\">\n\t\t\t\t<div class=\"elementor-widget-container\">\n\t\t\t<style>\/*! elementor - v3.22.0 - 17-06-2024 *\/\n.elementor-widget-image{text-align:center}.elementor-widget-image a{display:inline-block}.elementor-widget-image a img[src$=\".svg\"]{width:48px}.elementor-widget-image img{vertical-align:middle;display:inline-block}<\/style>\t\t\t\t\t\t\t\t\t\t<img loading=\"lazy\" decoding=\"async\" width=\"768\" height=\"1004\" src=\"https:\/\/jean-pellotier-peintre.com\/wp-content\/uploads\/2024\/07\/Jean-Pellotier_portrait-copie-scaled.jpg\" class=\"attachment-medium_large size-medium_large wp-image-804\" alt=\"\" srcset=\"https:\/\/jean-pellotier-peintre.com\/wp-content\/uploads\/2024\/07\/Jean-Pellotier_portrait-copie-scaled.jpg 1958w, https:\/\/jean-pellotier-peintre.com\/wp-content\/uploads\/2024\/07\/Jean-Pellotier_portrait-copie-229x300.jpg 229w, https:\/\/jean-pellotier-peintre.com\/wp-content\/uploads\/2024\/07\/Jean-Pellotier_portrait-copie-783x1024.jpg 783w, https:\/\/jean-pellotier-peintre.com\/wp-content\/uploads\/2024\/07\/Jean-Pellotier_portrait-copie-2000x2615.jpg 2000w, https:\/\/jean-pellotier-peintre.com\/wp-content\/uploads\/2024\/07\/Jean-Pellotier_portrait-copie-scaled-1175x1536.jpg 1175w, https:\/\/jean-pellotier-peintre.com\/wp-content\/uploads\/2024\/07\/Jean-Pellotier_portrait-copie-scaled-1566x2048.jpg 1566w\" sizes=\"100vw\" \/>\t\t\t\t\t\t\t\t\t\t\t\t\t<\/div>\n\t\t\t\t<\/div>\n\t\t\t\t<div class=\"elementor-element elementor-element-167b859 elementor-widget elementor-widget-spacer\" data-id=\"167b859\" data-element_type=\"widget\" data-widget_type=\"spacer.default\">\n\t\t\t\t<div class=\"elementor-widget-container\">\n\t\t\t\t\t<div class=\"elementor-spacer\">\n\t\t\t<div class=\"elementor-spacer-inner\"><\/div>\n\t\t<\/div>\n\t\t\t\t<\/div>\n\t\t\t\t<\/div>\n\t\t\t\t\t<\/div>\n\t\t\t\t<\/div>\n\t\t\t\t<\/div>\n\t\t","protected":false},"excerpt":{"rendered":"<p>JEAN PELLOTIER 1923-1967 \u00a0 Jean Pellotier na\u00eet le 8 mai 1923 \u00e0 Saint Rambert, pr\u00e8s de Lyon, il\u00a0est l&rsquo;ain\u00e9 d&rsquo;une famille de cinq enfants.\u00a0La famille vit \u00e0 Vaise dans le quartier de l&rsquo;Industrie o\u00f9 son p\u00e8re est install\u00e9 comme m\u00e9decin g\u00e9n\u00e9raliste. 1941-1949\u00a0 Il d\u00e9bute des \u00e9tudes de notariat et d\u2019histoire de l\u2019art avant de se &hellip; <\/p>\n<p class=\"link-more\"><a href=\"https:\/\/jean-pellotier-peintre.com\/index.php\/biographie\/\" class=\"more-link\">Lire la suite de<span class=\"screen-reader-text\">\u00ab\u00a0Biographie\u00a0\u00bb<\/span><\/a><\/p>\n","protected":false},"author":1,"featured_media":0,"parent":0,"menu_order":0,"comment_status":"closed","ping_status":"closed","template":"","meta":{"footnotes":""},"class_list":["post-16","page","type-page","status-publish","hentry"],"_links":{"self":[{"href":"https:\/\/jean-pellotier-peintre.com\/index.php\/wp-json\/wp\/v2\/pages\/16","targetHints":{"allow":["GET"]}}],"collection":[{"href":"https:\/\/jean-pellotier-peintre.com\/index.php\/wp-json\/wp\/v2\/pages"}],"about":[{"href":"https:\/\/jean-pellotier-peintre.com\/index.php\/wp-json\/wp\/v2\/types\/page"}],"author":[{"embeddable":true,"href":"https:\/\/jean-pellotier-peintre.com\/index.php\/wp-json\/wp\/v2\/users\/1"}],"replies":[{"embeddable":true,"href":"https:\/\/jean-pellotier-peintre.com\/index.php\/wp-json\/wp\/v2\/comments?post=16"}],"version-history":[{"count":143,"href":"https:\/\/jean-pellotier-peintre.com\/index.php\/wp-json\/wp\/v2\/pages\/16\/revisions"}],"predecessor-version":[{"id":1016,"href":"https:\/\/jean-pellotier-peintre.com\/index.php\/wp-json\/wp\/v2\/pages\/16\/revisions\/1016"}],"wp:attachment":[{"href":"https:\/\/jean-pellotier-peintre.com\/index.php\/wp-json\/wp\/v2\/media?parent=16"}],"curies":[{"name":"wp","href":"https:\/\/api.w.org\/{rel}","templated":true}]}}